[INFO] cloning repository https://github.com/senorclean/stm32f4discovery_rust
[INFO] running `Command { std: "git" "-c" "credential.helper=" "-c" "credential.helper=/workspace/cargo-home/bin/git-credential-null" "clone" "--bare" "https://github.com/senorclean/stm32f4discovery_rust" "/workspace/cache/git-repos/https%3A%2F%2Fgithub.com%2Fsenorclean%2Fstm32f4discovery_rust", kill_on_drop: false }`
[INFO] [stderr] Cloning into bare repository '/workspace/cache/git-repos/https%3A%2F%2Fgithub.com%2Fsenorclean%2Fstm32f4discovery_rust'...
[INFO] running `Command { std: "git" "rev-parse" "HEAD", kill_on_drop: false }`
[INFO] [stdout] 1609c109e6fb0f04dfef3a02ac954b3d2f4ef617
[INFO] building senorclean/stm32f4discovery_rust against master#881c1ac408d93bb7adaa3a51dabab9266e82eee8 for issue-85264
[INFO] running `Command { std: "git" "clone" "/workspace/cache/git-repos/https%3A%2F%2Fgithub.com%2Fsenorclean%2Fstm32f4discovery_rust" "/workspace/builds/worker-8/source", kill_on_drop: false }`
[INFO] [stderr] Cloning into '/workspace/builds/worker-8/source'...
[INFO] [stderr] done.
[INFO] validating manifest of git repo https://github.com/senorclean/stm32f4discovery_rust on toolchain 881c1ac408d93bb7adaa3a51dabab9266e82eee8
[INFO] running `Command { std: "/workspace/cargo-home/bin/cargo" "+881c1ac408d93bb7adaa3a51dabab9266e82eee8" "metadata" "--manifest-path" "Cargo.toml" "--no-deps", kill_on_drop: false }`
[INFO] removed /workspace/builds/worker-8/source/.cargo/config
[INFO] started tweaking git repo https://github.com/senorclean/stm32f4discovery_rust
[INFO] finished tweaking git repo https://github.com/senorclean/stm32f4discovery_rust
[INFO] tweaked toml for git repo https://github.com/senorclean/stm32f4discovery_rust written to /workspace/builds/worker-8/source/Cargo.toml
[INFO] crate git repo https://github.com/senorclean/stm32f4discovery_rust already has a lockfile, it will not be regenerated
[INFO] running `Command { std: "/workspace/cargo-home/bin/cargo" "+881c1ac408d93bb7adaa3a51dabab9266e82eee8" "fetch" "--manifest-path" "Cargo.toml", kill_on_drop: false }`
[INFO] [stderr]  Downloading crates ...
[INFO] [stderr]   Downloaded aligned v0.3.4
[INFO] [stderr]   Downloaded rtic-core v0.3.1
[INFO] [stderr]   Downloaded hash32 v0.1.1
[INFO] [stderr]   Downloaded cortex-m v0.7.1
[INFO] [stderr]   Downloaded cortex-m-semihosting v0.3.7
[INFO] [stderr]   Downloaded bare-metal v1.0.0
[INFO] [stderr]   Downloaded vcell v0.1.3
[INFO] [stderr]   Downloaded stm32f4xx-hal v0.8.3
[INFO] [stderr]   Downloaded panic-semihosting v0.5.6
[INFO] [stderr]   Downloaded bitfield v0.13.2
[INFO] [stderr]   Downloaded stm32f4 v0.11.0
[INFO] [stderr]   Downloaded cortex-m v0.6.7
[INFO] [stderr]   Downloaded rtic-syntax v0.5.0-alpha.0
[INFO] [stderr]   Downloaded cortex-m-rtic v0.6.0-alpha.0
[INFO] [stderr]   Downloaded cortex-m-rtic-macros v0.6.0-alpha.0
[INFO] [stderr]   Downloaded cortex-m-rt-macros v0.1.8
[INFO] [stderr]   Downloaded heapless v0.5.6
[INFO] [stderr]   Downloaded embedded-hal v0.2.4
[INFO] [stderr]   Downloaded as-slice v0.1.4
[INFO] [stderr]   Downloaded cortex-m-rt v0.6.13
[INFO] [stderr]   Downloaded volatile-register v0.2.0
[INFO] running `Command { std: "docker" "create" "-v" "/var/lib/crater-agent-workspace/builds/worker-8/target:/opt/rustwide/target:rw,Z" "-v" "/var/lib/crater-agent-workspace/builds/worker-8/source:/opt/rustwide/workdir:ro,Z" "-v" "/var/lib/crater-agent-workspace/cargo-home:/opt/rustwide/cargo-home:ro,Z" "-v" "/var/lib/crater-agent-workspace/rustup-home:/opt/rustwide/rustup-home:ro,Z" "-e" "SOURCE_DIR=/opt/rustwide/workdir" "-e" "CARGO_TARGET_DIR=/opt/rustwide/target" "-e" "CARGO_HOME=/opt/rustwide/cargo-home" "-e" "RUSTUP_HOME=/opt/rustwide/rustup-home" "-w" "/opt/rustwide/workdir" "-m" "1610612736" "--user" "0:0" "--network" "none" "ghcr.io/rust-lang/crates-build-env/linux@sha256:20528e8c29e4536546f0102ce88568b16ea7538393a33fcca951030f7af10457" "/opt/rustwide/cargo-home/bin/cargo" "+881c1ac408d93bb7adaa3a51dabab9266e82eee8" "metadata" "--no-deps" "--format-version=1", kill_on_drop: false }`
[INFO] [stdout] 45121c4e942ac7ac7f14ebbb610877119cf7df84661523fb45b6b29cb623e5cb
[INFO] [stderr] WARNING: Your kernel does not support swap limit capabilities or the cgroup is not mounted. Memory limited without swap.
[INFO] running `Command { std: "docker" "start" "-a" "45121c4e942ac7ac7f14ebbb610877119cf7df84661523fb45b6b29cb623e5cb", kill_on_drop: false }`
[INFO] running `Command { std: "docker" "inspect" "45121c4e942ac7ac7f14ebbb610877119cf7df84661523fb45b6b29cb623e5cb", kill_on_drop: false }`
[INFO] running `Command { std: "docker" "rm" "-f" "45121c4e942ac7ac7f14ebbb610877119cf7df84661523fb45b6b29cb623e5cb", kill_on_drop: false }`
[INFO] [stdout] 45121c4e942ac7ac7f14ebbb610877119cf7df84661523fb45b6b29cb623e5cb
[INFO] running `Command { std: "docker" "create" "-v" "/var/lib/crater-agent-workspace/builds/worker-8/target:/opt/rustwide/target:rw,Z" "-v" "/var/lib/crater-agent-workspace/builds/worker-8/source:/opt/rustwide/workdir:ro,Z" "-v" "/var/lib/crater-agent-workspace/cargo-home:/opt/rustwide/cargo-home:ro,Z" "-v" "/var/lib/crater-agent-workspace/rustup-home:/opt/rustwide/rustup-home:ro,Z" "-e" "SOURCE_DIR=/opt/rustwide/workdir" "-e" "CARGO_TARGET_DIR=/opt/rustwide/target" "-e" "CARGO_INCREMENTAL=0" "-e" "RUST_BACKTRACE=full" "-e" "RUSTFLAGS=--cap-lints=forbid" "-e" "CARGO_HOME=/opt/rustwide/cargo-home" "-e" "RUSTUP_HOME=/opt/rustwide/rustup-home" "-w" "/opt/rustwide/workdir" "-m" "1610612736" "--user" "0:0" "--network" "none" "ghcr.io/rust-lang/crates-build-env/linux@sha256:20528e8c29e4536546f0102ce88568b16ea7538393a33fcca951030f7af10457" "/opt/rustwide/cargo-home/bin/cargo" "+881c1ac408d93bb7adaa3a51dabab9266e82eee8" "build" "--frozen" "--message-format=json", kill_on_drop: false }`
[INFO] [stdout] 1e24f07140905120d084f9968fb69f00eeb6bf01d1e20d562b3c11b75435210b
[INFO] [stderr] WARNING: Your kernel does not support swap limit capabilities or the cgroup is not mounted. Memory limited without swap.
[INFO] running `Command { std: "docker" "start" "-a" "1e24f07140905120d084f9968fb69f00eeb6bf01d1e20d562b3c11b75435210b", kill_on_drop: false }`
[INFO] [stderr]    Compiling version_check v0.9.2
[INFO] [stderr]    Compiling semver-parser v0.7.0
[INFO] [stderr]    Compiling proc-macro2 v1.0.24
[INFO] [stderr]    Compiling typenum v1.12.0
[INFO] [stderr]    Compiling syn v1.0.58
[INFO] [stderr]    Compiling cortex-m v0.7.1
[INFO] [stderr]    Compiling nb v1.0.0
[INFO] [stderr]    Compiling void v1.0.2
[INFO] [stderr]    Compiling vcell v0.1.3
[INFO] [stderr]    Compiling bitfield v0.13.2
[INFO] [stderr]    Compiling stable_deref_trait v1.2.0
[INFO] [stderr]    Compiling autocfg v1.0.1
[INFO] [stderr]    Compiling cortex-m-rt v0.6.13
[INFO] [stderr]    Compiling cortex-m v0.6.7
[INFO] [stderr]    Compiling r0 v0.2.2
[INFO] [stderr]    Compiling cortex-m-semihosting v0.3.7
[INFO] [stderr]    Compiling heapless v0.5.6
[INFO] [stderr]    Compiling stm32f4 v0.11.0
[INFO] [stderr]    Compiling rtic-core v0.3.1
[INFO] [stderr]    Compiling rand_core v0.5.1
[INFO] [stderr]    Compiling bare-metal v1.0.0
[INFO] [stderr]    Compiling volatile-register v0.2.0
[INFO] [stderr]    Compiling nb v0.1.3
[INFO] [stderr]    Compiling semver v0.9.0
[INFO] [stderr]    Compiling hash32 v0.1.1
[INFO] [stderr]    Compiling embedded-hal v0.2.4
[INFO] [stderr]    Compiling indexmap v1.6.1
[INFO] [stderr]    Compiling generic-array v0.14.4
[INFO] [stderr]    Compiling proc-macro-error-attr v1.0.4
[INFO] [stderr]    Compiling proc-macro-error v1.0.4
[INFO] [stderr]    Compiling cortex-m-rtic v0.6.0-alpha.0
[INFO] [stderr]    Compiling rustc_version v0.2.3
[INFO] [stderr]    Compiling bare-metal v0.2.5
[INFO] [stderr]    Compiling cast v0.2.3
[INFO] [stderr]    Compiling quote v1.0.8
[INFO] [stderr]    Compiling panic-semihosting v0.5.6
[INFO] [stderr]    Compiling generic-array v0.12.3
[INFO] [stderr]    Compiling generic-array v0.13.2
[INFO] [stderr]    Compiling as-slice v0.1.4
[INFO] [stderr]    Compiling aligned v0.3.4
[INFO] [stderr]    Compiling rtic-syntax v0.5.0-alpha.0
[INFO] [stderr]    Compiling cortex-m-rt-macros v0.1.8
[INFO] [stderr]    Compiling cortex-m-rtic-macros v0.6.0-alpha.0
[INFO] [stderr]    Compiling stm32f4xx-hal v0.8.3
[INFO] [stderr]    Compiling stm32f4-rust v0.1.0 (/opt/rustwide/workdir)
[INFO] [stdout] error[E0432]: unresolved import `rtic::cyccnt`
[INFO] [stdout]  --> src/heartbeat.rs:8:11
[INFO] [stdout]   |
[INFO] [stdout] 8 | use rtic::cyccnt::{Instant, U32Ext};
[INFO] [stdout]   |           ^^^^^^ could not find `cyccnt` in `rtic`
[INFO] [stdout] 
[INFO] [stdout] 
[INFO] [stdout] error[E0432]: unresolved import `rtic::cyccnt`
[INFO] [stdout]   --> src/util.rs:10:11
[INFO] [stdout]    |
[INFO] [stdout] 10 | use rtic::cyccnt::{Instant, U32Ext};
[INFO] [stdout]    |           ^^^^^^ could not find `cyccnt` in `rtic`
[INFO] [stdout] 
[INFO] [stdout] 
[INFO] [stdout] error[E0432]: unresolved import `rtic::cyccnt`
[INFO] [stdout]  --> src/button.rs:6:11
[INFO] [stdout]   |
[INFO] [stdout] 6 | use rtic::cyccnt::{Instant, U32Ext};
[INFO] [stdout]   |           ^^^^^^ could not find `cyccnt` in `rtic`
[INFO] [stdout] 
[INFO] [stdout] 
[INFO] [stdout] error[E0433]: failed to resolve: could not find `cyccnt` in `rtic`
[INFO] [stdout]   --> src/main.rs:19:21
[INFO] [stdout]    |
[INFO] [stdout] 19 |   monotonic = rtic::cyccnt::CYCCNT,
[INFO] [stdout]    |                     ^^^^^^ could not find `cyccnt` in `rtic`
[INFO] [stdout] 
[INFO] [stdout] 
[INFO] [stdout] error[E0599]: no method named `cycles` found for type `u32` in the current scope
[INFO] [stdout]   --> src/heartbeat.rs:82:78
[INFO] [stdout]    |
[INFO] [stdout] 82 |       heartbeat_app::schedule(scheduled + util::convert_us_to_cycles(30_000).cycles(), increment).unwrap();
[INFO] [stdout]    |                                                                              ^^^^^^ method not found in `u32`
[INFO] [stdout] 
[INFO] [stdout] 
[INFO] [stdout] error[E0599]: no method named `cycles` found for type `u32` in the current scope
[INFO] [stdout]   --> src/util.rs:74:75
[INFO] [stdout]    |
[INFO] [stdout] 74 |   let sched_time = Instant::now() + convert_us_to_cycles(micros_from_now).cycles();
[INFO] [stdout]    |                                                                           ^^^^^^ method not found in `u32`
[INFO] [stdout] 
[INFO] [stdout] 
[INFO] [stdout] error[E0599]: no method named `cycles` found for type `u32` in the current scope
[INFO] [stdout]   --> src/button.rs:87:82
[INFO] [stdout]    |
[INFO] [stdout] 87 |         button_app::schedule(Instant::now() + util::convert_us_to_cycles(10_000).cycles()).unwrap();
[INFO] [stdout]    |                                                                                  ^^^^^^ method not found in `u32`
[INFO] [stdout] 
[INFO] [stdout] 
[INFO] [stdout] error: aborting due to 7 previous errors
[INFO] [stdout] 
[INFO] [stdout] 
[INFO] [stdout] Some errors have detailed explanations: E0432, E0433, E0599.
[INFO] [stdout] 
[INFO] [stdout] For more information about an error, try `rustc --explain E0432`.
[INFO] [stdout] 
[INFO] [stderr] error: could not compile `stm32f4-rust`
[INFO] [stderr] 
[INFO] [stderr] To learn more, run the command again with --verbose.
[INFO] running `Command { std: "docker" "inspect" "1e24f07140905120d084f9968fb69f00eeb6bf01d1e20d562b3c11b75435210b", kill_on_drop: false }`
[INFO] running `Command { std: "docker" "rm" "-f" "1e24f07140905120d084f9968fb69f00eeb6bf01d1e20d562b3c11b75435210b", kill_on_drop: false }`
[INFO] [stdout] 1e24f07140905120d084f9968fb69f00eeb6bf01d1e20d562b3c11b75435210b
